154 is divided by 329.
293
Calculate the remainder when 1321 is divided by 660.
1
Calculate the remainder when 147458 is divided by 772.
6
Calculate the remainder when 8122 is divided by 6972.
1150
What is the remainder when 2351 is divided by 53?
19
What is the remainder when 1109 is divided by 143?
108
Calculate the remainder when 42827 is divided by 621.
599
Calculate the remainder when 2076 is divided by 745.
586
Calculate the remainder when 89246 is divided by 29728.
62
Calculate the remainder when 4476 is divided by 4476.
0
What is the remainder when 23596 is divided by 3370?
6
What is the remainder when 2925 is divided by 105?
90
Calculate the remainder when 11914 is divided by 2082.
1504
Calculate the remainder when 21433 is divided by 3567.
31
Calculate the remainder when 772942 is divided by 257641.
19
Calculate the remainder when 5820 is divided by 581.
10
What is the remainder when 394 is divided by 276?
118
Calculate the remainder when 14786 is divided by 30.
26
Calculate the remainder when 677602 is divided by 1733.
1732
Calculate the remainder when 13980 is divided by 112.
92
Calculate the remainder when 11337 is divided by 2228.
197
Calculate the remainder when 225 is divided by 180.
45
What is the remainder when 82578 is divided by 32?
18
Calculate the remainder when 223378 is divided by 13.
12
What is the remainder when 14080 is divided by 209?
77
Calculate the remainder when 35633 is divided by 7.
3
Calculate the remainder when 60171 is divided by 128.
11
Calculate the remainder when 8577 is divided by 355.
57
Calculate the remainder when 36454 is divided by 24.
22
What is the remainder when 307977 is divided by 30?
27
What is the remainder when 22434 is divided by 267?
6
What is the remainder when 835452 is divided by 243?
18
What is the remainder when 8933 is divided by 4208?
517
What is the remainder when 53396 is divided by 212?
184
What is the remainder when 263220 is divided by 4461?
21
What is the remainder when 7721038 is divided by 1214?
1212
Calculate the remainder when 1611881 is divided by 19.
16
Calculate the remainder when 184688 is divided by 30771.
62
Calculate the remainder when 101967 is divided by 5098.
7
Calculate the remainder when 14445 is divided by 4815.
0
Calculate the remainder when 1606273 is divided by 177.
175
Calculate the remainder when 8526 is divided by 224.
14
What is the remainder when 47296 is divided by 1182?
16
Calculate the remainder when 212911 is divided by 485.
481
What is the remainder when 3150 is divided by 330?
180
What is the remainder when 17505 is divided by 8745?
15
Calculate the remainder when 14123 is divided by 16.
11
Calculate the remainder when 50532 is divided by 188.
148
What is the remainder when 602743 is divided by 200911?
10
Calculate the remainder when 14539 is divided by 7261.
17
What is the remainder when 2711 is divided by 875?
86
Calculate the remainder when 1797 is divided by 71.
22
Calculate the remainder when 4756 is divided by 969.
880
Calculate the remainder when 19685 is divided by 6371.
572
Calculate the remainder when 4160 is divided by 454.
74
What is the remainder when 69064 is divided by 68895?
169
Calculate the remainder when 2183 is divided by 286.
181
Calculate the remainder when 15262 is divided by 1085.
72
Calculate the remainder when 70329 is divided by 791.
721
What is the remainder when 6837 is divided by 50?
37
What is the remainder when 1682 is divided by 995?
687
Calculate the remainder when 3058 is divided by 1067.
924
Calculate the remainder when 10532 is divided by 10502.
30
What is the remainder when 804 is divided by 778?
26
Calculate the remainder when 901311 is divided by 6.
3
What is the remainder when 56853 is divided by 43?
7
What is the remainder when 150289 is divided by 74?
69
Calculate the remainder when 1459147 is divided by 55.
52
Calculate the remainder when 156 is divided by 61.
34
Calculate the remainder when 138237 is divided by 540.
537
What is the remainder when 4456 is divided by 274?
72
Calculate the remainder when 323018 is divided by 171.
170
What is the remainder when 1954 is divided by 340?
254
What is the remainder when 309237 is divided by 90?
87
Calculate the remainder when 1653 is divided by 121.
80
What is the remainder when 398 is divided by 35?
13
What is the remainder when 73718 is divided by 20?
18
Calculate the remainder when 3641 is divided by 15.
11
What is the remainder when 2377 is divided by 76?
21
What is the remainder when 93984 is divided by 531?
528
What is the remainder when 55901 is divided by 860?
1
Calculate the remainder when 61286 is divided by 127.
72
Calculate the remainder when 1586 is divided by 986.
600
What is the remainder when 213745 is divided by 190?
185
What is the remainder when 440 is divided by 48?
8
What is the remainder when 3428 is divided by 35?
33
What is the remainder when 7885 is divided by 1966?
21
What is the remainder when 2851 is divided by 2690?
161
What is the remainder when 1704 is divided by 175?
129
What is the remainder when 28946 is divided by 147?
134
Calculate the remainder when 241018 is divided by 12.
10
Calculate the remainder when 4080 is divided by 421.
291
Calculate the remainder when 355349 is divided by 115.
114
What is the remainder when 108782 is divided by 1121?
45
Calculate the remainder when 6894 is divided by 1722.
6
What is the remainder when 143 is divided by 72?
71
What is the remainder when 11887 is divided by 410?
407
Calculate the remainder when 103455 is divided by 3.
0
What is the remainder when 66933 is divided by 11152?
21
Calculate the remainder when 19142 is divided by 2314.
630
What is the remainder when 194415 is divided by 435?
405
Calculate the remainder when 278833 is divided by 145.
143
What is the remainder when 64205 is divided by 86?
49
Calculate the remainder when 1220255 is divided by 36.
35
Calculate the remainder when 33417 is divided by 8354.
1
Calculate the remainder when 1649342 is divided by 38.
28
Calculate the remainder when 3067 is divided by 922.
301
Calculate the remainder when 11723 is divided by 3887.
62
Calculate the remainder when 7738 is divided by 3749.
240
Calculate the remainder when 654 is divided by 115.
79
Calculate the remainder when 122188 is divided by 410.
8
What is the remainder when 5266 is divided by 567?
163
Calculate the remainder when 257504 is divided by 11.
5
Calculate the remainder when 951 is divided by 46.
31
What is the remainder when 7449 is divided by 64?
25
What is the remainder when 26838 is divided by 447?
18
Calculate the remainder when 2070 is divided by 116.
98
Calculate the remainder when 63886 is divided by 1825.
11
Calculate the remainder when 34333 is divided by 87.
55
Calculate the remainder when 4141 is divided by 109.
108
What is the remainder when 9476 is divided by 9469?
7
What is the remainder when 188952 is divided by 16?
8
Calculate the remainder when 56981 is divided by 1628.
1
What is the remainder when 43677 is divided by 52?
49
What is the remainder when 7694 is divided by 62?
6
Calculate the remainder when 6438 is divided by 465.
393
What is the remainder when 13843 is divided by 728?
11
Calculate the remainder when 538023 is divided by 549.
3
Calculate the remainder when 526893 is divided by 983.
5
What is the remainder when 4506 is divided by 1053?
294
Calculate the remainder when 8446 is divided by 445.
436
Calculate the remainder when 2804364 is divided by 73.
69
Calculate the remainder when 1726 is divided by 153.
43
What is the remainder when 2806 is divided by 58?
22
Calculate the remainder when 5190567 is divided by 126.
123
Calculate the remainder when 8014537 is divided by 343.
342
Calculate the remainder when 8999 is divided by 5.
4
Calculate the remainder when 1867 is divided by 566.
169
What is the remainder when 14413 is divided by 1881?
1246
What is the remainder when 650 is divided by 225?
200
What is the remainder when 1084302 is divided by 231?
219
What is the remainder when 8308 is divided by 45?
28
Calculate the remainder when 3862 is divided by 156.
118
Calculate the remainder when 796 is divided by 378.
40
What is the remainder when 3492 is divided by 1164?
0
What is the remainder when 12258 is divided by 3?
0
Calculate the rema